) = x**2 + 8*x + 4. Let a be o(-5). Let l = a - -18. What is the units digit of l?
7
Let b(y) = 68*y**3 - y**2 - 2*y + 2. What is the tens digit of b(1)?
6
Let m(j) = 17*j - 5. Let w(d) = 9*d - 3. Let b(t) = 4*m(t) - 7*w(t). Let f be b(1). What is the tens digit of 1*(f/2 - -7)?
1
Let k be (-4 + 3)*2/(-2). Let v be (-2)/k + (-12)/(-4). What is the tens digit of 11 + (v - 0) + -2?
1
Let c(s) = -s**3 - 2*s**2 - 2*s. Let l be c(-2). What is the units digit of l/6 + 6/18?
1
Let f = 57 - 35. What is the units digit of f?
2
What is the hundreds digit of 4*2/(24/363)?
1
Let r = -48 - -90. Suppose 0 = f + 2*f - r. What is the tens digit of f?
1
Let s(w) = -w**2 + 10*w + 14. Let h be s(11). Suppose 2*o - 27 = -2*g - 3*o, -h*o - 114 = -5*g. What is the units digit of g?
1
Suppose 4*x = -u + 2*u - 20, -3*x - 42 = -3*u. What is the units digit of u?
2
Let v(k) = 2*k**2 + 2*k + 3. Let p be v(-2). Let a(h) = h**2 - 4*h - 5. What is the units digit of a(p)?
6
Let f(b) = -b + 1. Let p be f(-2). Let t(a) = 3*a**2 - 2*a - 4. What is the units digit of t(p)?
7
Suppose -3*r + 13 = u, 2*u - 5*r = -0*u - 7. Suppose -u*v + 9*v - 80 = 0. What is the tens digit of v?
1
Let o(f) = -6 + 4*f**2 + 2*f**2 + f**3 + f + 0*f**2. What is the tens digit of o(-5)?
1
Let v(u) = -u**2 - 21*u - 36. What is the units digit of v(-16)?
4
Suppose 2*s - 13 = 99. What is the tens digit of s?
5
Suppose 6*j - 3*j = 42. Suppose 2*l = -5*u + 57, -5*u + j + 2 = l. Suppose 5*x - 5*s - l + 6 = 0, 3 = 3*x + 3*s. What is the units digit of x?
4
Let z(k) be the third derivative of k**4/6 - k**3 - k**2. What is the units digit of z(6)?
8
Let j = -23 + 8. What is the tens digit of (j/(-2))/((-18)/(-24))?
1
Let l = 26 - 49. Let a = 42 + l. What is the tens digit of a?
1
Suppose 0*x + 3*x = 3. What is the units digit of x?
1
Let d(q) = 7*q**3 - q**2 - q - 6. What is the hundreds digit of d(3)?
1
Let d(i) = i**2 + 15*i. What is the tens digit of d(-16)?
1
Suppose 2*l + 148 = 6*l - 4*g, -l + 27 = 4*g. What is the tens digit of l?
3
Let a = 3 - -21. What is the units digit of a?
4
Let o = -4 + 34. Let g = 60 - 57. What is the units digit of o/(6 - g) + -3?
7
Let x(g) = g - 10 - 1 + 22. Let m(i) = i**3 - 5*i**2 - 6*i + 8. Let n be m(6). What is the tens digit of x(n)?
1
Let z be 3 + 4/(8/170). Suppose 5*v + 5*s - 42 = 88, 0 = -3*v - 5*s + z. What is the units digit of v?
1
What is the units digit of 7 + -6 - (1 + -25)?
5
What is the units digit of ((-22)/(-4))/(5/10)?
1
Let n(a) = 31*a**2 + 3*a + 2. What is the tens digit of n(-1)?
3
Suppose 3*y = 2*y - 6. Let b be (-3)/y*1*2. Let l = b - 0. What is the units digit of l?
1
Suppose -2*d - 3 - 21 = 0. Let o be 21/d - (-1)/(-4). What is the units digit of (-28)/(-7)*(0 - o)?
8
Suppose -2*i + 50 = -i - 3*t, -t = -3*i + 134. What is the tens digit of i?
4
Suppose -s - 10*s + 1210 = 0. What is the units digit of s?
0
Let j(x) = x**2 - 11*x. Let m be j(10). What is the units digit of -1 - 0 - m/2?
4
Suppose -6 = -a - 3. Let f be 1*(a - 2)*6. What is the units digit of (-9 + 1)*f/(-8)?
6
Let i(z) = -z**3 + 10*z**2 - 2*z + 4. Let r be i(5). Suppose -5*o + r - 24 = 0. What is the units digit of o?
9
Let d = -662 + 953. What is the units digit of d?
1
Suppose -6 - 14 = 2*r + 2*s, 4*r + 8 = 4*s. Let g = 17 - r. What is the tens digit of g?
2
Let f = -74 - -120. What is the units digit of f?
6
Let w = 2 - 0. Suppose 0 = w*a - 15 - 3. What is the units digit of a?
9
Let n be (-30)/(-1 + -2)*8. Suppose 6*a = 2*a + n. What is the tens digit of a?
2
Suppose 0 = 3*u - 92 - 19. What is the units digit of u?
7
Suppose 3*y + 47 = 2*x, -x + 41 = y - 6*y. What is the units digit of x?
6
Let w = -125 - -67. Let h = 85 + w. What is the units digit of h?
7
What is the tens digit of 252 - (6/6 - 2)?
5
Let n(p) = -4 - p**2 - 6 + 0*p - 10*p. Let c be n(-8). Suppose 0 = -c*q + q + 50. What is the tens digit of q?
1
Suppose -4*w + 3*f + 168 = 0, 3*f + 42 = w - f. What is the tens digit of w?
4
Let a(q) = 17*q - 11. What is the tens digit of a(16)?
6
Let r = 11 - 8. Suppose r*a - 56 = 7*a + 4*s, -s - 3 = 0. What is the units digit of 2/a - 200/(-11)?
8
Suppose 0 = -9*a + 14*a. What is the units digit of 1 + a + (-2 - -3)?
2
Let v = 5 - 6. What is the units digit of (v/(-4))/((-7)/(-28))?
1
Let a = -40 + 28. Let i = -8 - a. Suppose -2*b - v + i = -2*v, -4*b = -4*v - 4. What is the units digit of b?
3
Let z(a) be the second derivative of -a**5/40 - a**4/24 - a**3/6 + a. Let s(f) be the second derivative of z(f). What is the units digit of s(-2)?
5
Let m(t) = t**2 + 4*t + 1. Let p be m(-5). Suppose -s + 4*s = -p. What is the units digit of (14/4)/(s/(-4))?
7
Suppose -4*m - s + 2 = -173, -215 = -5*m - 2*s. What is the tens digit of m?
4
Suppose 0*l = -2*l + 38. What is the tens digit of l?
1
Let o(h) = -h**3 - 6*h**2 - 6*h - 7. Let j be (-4 - (0 + 0)) + -1. Let r be o(j). What is the units digit of (r/4)/((-3)/42)?
7
Let v be 2/(1 - -1)*4. Suppose -5*b + 115 = -5*w, v*b - 63 = 2*w + 19. Suppose -s - b = 5*n - 0*n, -3*s - 6 = 3*n. What is the units digit of s?
2
What is the units digit of 7 + (-4 - -9 - 2)?
0
What is the tens digit of 3 - (-1)/((-3)/(-45))?
1
What is the units digit of (-6)/12 + 19/2?
9
Let x = -93 + 338. What is the tens digit of x?
4
What is the units digit of (-5)/75*-5*6?
2
Let m(p) = -p**2 + p + 2. Let n be m(0). Let d = -3 + 15. What is the units digit of (-8)/d*(-15)/n?
5
Let l be (-14)/(-8) + 10/40. Suppose 0 = q - 2*j + 4, -l*q + 3*j - 3 = 0. What is the units digit of q?
6
Suppose -l + w - 4 = 0, -4*l = w - 7 + 3. What is the units digit of -1 + (l - 6/(-2))?
2
Let i = 24 - 16. Suppose 2*h = i + 30. What is the tens digit of h?
1
Let l = -649 + 947. What is the hundreds digit of l?
2
Let u(j) = -4*j + 11. What is the tens digit of u(-7)?
3
Let j be 2/2*0/(-4). What is the units digit of 0 + (9 - 2) + j?
7
Suppose -5*k + 4*a = -0*a - 6, -4*k + 10 = 2*a. Let v = -3 + k. What is the units digit of v - 1*-2*1?
1
Suppose -3*y + 2*b = -25, -19 = -2*y + b - 2*b. Let f = y + -6. What is the units digit of f?
3
Let j be (-2 + 5 - 4)*6. Let c(v) = -v**3 - 5*v**2 + v + 1. What is the units digit of c(j)?
1
Let c(v) = 28*v + 28. What is the units digit of c(4)?
0
Let k be 3/(-6) - 5/(-2). Let q(v) = 2*v. Let t be q(1). Suppose -4*w - w = -k*b, b - t = 2*w. What is the tens digit of b?
1
Suppose z - 3*s - 178 = -0*z, 210 = z + 5*s. What is the hundreds digit of z?
1
Let k(a) = a**2 - 6*a - 2. Let b be k(6). What is the tens digit of (77/(-28))/(b/24)?
3
Let f(n) = -n**2 + 29*n + 20. What is the tens digit of f(28)?
4
Suppose 3*j = 8 + 4, 3*j + 296 = 4*p. What is the tens digit of p?
7
What is the units digit of (-12)/(-10)*225/9?
0
Suppose 3*q + 5*o - 20 = -0, q + 3*o - 12 = 0. Suppose -3*b - 2*b + h = -26, q = -5*b + 2*h + 22. What is the units digit of b?
6
Suppose 3*q + 190 = 5*s - q, 188 = 4*s + 4*q. What is the units digit of s?
2
Let n(s) = -s + 5. Let i be n(6). What is the units digit of 10*(i - -2)/2?
5
Suppose -2*o + 2*q + 75 = -5*o, o + 25 = 3*q. Let d be (10/o)/(2/(-20)). What is the units digit of ((-11)/2)/(d/(-8))?
1
Suppose 370 = 5*w - 420. What is the hundreds digit of w?
1
What is the tens digit of -1 - -2 - (-60 - 2)?
6
Suppose 0 = -4*i - 8, 5*i = -0*h - 4*h + 22. Suppose -h*w + 2*w + 78 = 0. What is the units digit of w?
3
Let m be ((-10)/(-25))/(2/20). Suppose -2 = -2*y + m. What is the units digit of 2/(-1 - y/(-2))?
4
Suppose -3*r - 4 = 8. Let d = 8 - r. What is the units digit of (-15)/(-6)*d/10?
3
Suppose -5*i + 11 + 12 = -4*o, 2*o = -3*i + 5. What is the tens digit of o - (-14 - 6/(-3))?
1
Suppose 4*q - 7*q = -72. What is the units digit of q?
4
Suppose 4 = o - 4. Let k = o + 2. What is the tens digit of k?
1
Suppose -2*h - j + 73 = 0, h = 4*h + 2*j - 112. What is the tens digit of h?
3
Let f be (5/(-4))/(7/(-28)). Suppose -f*i + 116 = -d, 0 = 4*i - d + 2*d - 91. What is the tens digit of i?
2
Let q(l) = 3*l - 2*l + 10*l**2 - 2*l. Let i be q(-1). Suppose -m - 2 = -i. What is the units digit of m?
9
Suppose 0*c - 10 = -4*g - 2*c, -3*g + c = 0. Suppose -i - 3*i = 4. What is the units digit of (1/i)/(-1*g)?
1
Suppose 0 = -3*c - 5*i - 37, 3*c + 4*i + 2 = 6*i. Let y = -5 - c. What is the units digit of 2 - (y - (1 + -1))?
3
Let w(i) = -3*i**3 - 6*i**2 